3
Let p(f) = 40*f**2 - 186*f - 20. What is p(-4)?
1364
Let x(p) = -6284*p + 81765. Determine x(13).
73
Let s(l) = -477*l**2 - 5316*l + 227. Give s(-11).
986
Let w(g) = -41*g**2 - 99*g - 679. Give w(-6).
-1561
Let p(t) = -16*t**2 + 448*t - 138. What is p(28)?
-138
Let h(i) = 1904*i + 100782. Give h(-53).
-130
Let k(o) = 3*o**2 - 701*o + 8675. Give k(220).
-345
Let a(u) = -52*u**2 + 1894*u + 19005. Give a(-10).
-5135
Let j(b) = -3*b**3 - 5037*b**2 + 10175*b + 149561. Determine j(-1681).
-48
Let h(c) = 185058*c + 1110377. Determine h(-6).
29
Let l(s) = 25093*s - 3161707. Calculate l(126).
11
Let x(j) = 276*j**2 - 4627*j - 4627. Calculate x(-1).
276
Let x(p) = -5*p**2 + 447*p + 801. Determine x(91).
73
Let f(a) = -3*a**3 + 173*a**2 - 2508*a + 2186. Determine f(33).
8
Let h(p) = 2*p**3 + 32*p**2 + 31*p. Give h(-1).
-1
Let p(h) = 524879*h - 1049759. Determine p(2).
-1
Let m(z) = 301*z**2 + 1524*z + 1222. Calculate m(-1).
-1
Let g(x) = -x**3 + 115*x**2 + 770*x - 5175. Calculate g(121).
149
Let v(m) = -m**3 + 88*m**2 - 71*m - 646. What is v(87)?
746
Let s(m) = -707744*m - 2123228. Give s(-3).
4
Let o(u) = 81*u - 2332. Give o(8).
-1684
Let m(p) = 166*p**2 - 6373*p - 4001. Calculate m(39).
-62
Let x(o) = -7*o**2 - 332*o + 2109. Give x(6).
-135
Let h(y) = 4*y**2 - 726*y + 15908. Give h(156).
-4
Let p(y) = -1208*y - 20511. Calculate p(-17).
25
Let u(j) = j**3 + 423*j**2 - 1738*j - 12829. Determine u(-427).
-19
Let j(a) = 296*a - 3476. Calculate j(6).
-1700
Let f(t) = -2*t**3 - 158*t**2 - 449*t - 10853. Determine f(-77).
4
Let x(c) = 6*c**2 - 472*c - 14781. Give x(-24).
3
Let p(j) = j**3 - 72*j**2 + 414*j - 19170. Determine p(70).
10
Let c(k) = 211*k - 65968. Calculate c(306).
-1402
Let p(c) = -1093*c + 4253. Determine p(4).
-119
Let o(p) = -2*p**3 + 50*p**2 - 27*p - 183. What is o(25)?
-858
Let p(v) = 17135*v - 102733. Give p(6).
77
Let v(m) = -5648*m - 587396. Give v(-104).
-4
Let x(r) = -4*r**3 - 421*r**2 - 303*r - 20816. Give x(-105).
-26
Let w(c) = -485*c + 80266. Give w(165).
241
Let p(u) = -7*u**2 + 5121*u + 94455. What is p(-18)?
9
Let b(x) = -90203*x + 811818. Calculate b(9).
-9
Let u(a) = -27*a**2 - 3048*a + 331. Calculate u(-113).
-8
Let m(p) = 1193*p - 1060921. Give m(889).
-344
Let y(t) = -1314*t**3 + 4*t**2 + 254*t - 257. Give y(1).
-1313
Let x(i) = -2*i**2 + 322*i + 9125. What is x(-24)?
245
Let v(g) = 12*g**2 + 253*g - 21458. Give v(33).
-41
Let s(q) = -3*q**2 - 314942*q + 2204735. What is s(7)?
-6
Let r(w) = -w**3 - 52*w**2 + 16*w + 285. Give r(0).
285
Let n(r) = 52*r**2 + 2164*r - 841. Determine n(-42).
-1
Let g(w) = -60*w**2 + 3139*w - 46. Calculate g(52).
942
Let h(v) = -3*v**3 - 490*v**2 + 608*v + 45955. Determine h(-164).
35
Let s(z) = -39*z**2 + 114*z + 133. Determine s(15).
-6932
Let g(q) = -q**3 + 1347*q**2 - 4326*q + 395130. Give g(1344).
-6
Let o(a) = 7*a**3 + 351*a**2 + 705*a + 353. Calculate o(-1).
-8
Let z(k) = 776*k + 59734. Calculate z(-77).
-18
Let a(v) = 5*v**2 - 4692*v - 485211. Calculate a(-94).
17
Let l(n) = n**3 - 54*n**2 + 491*n - 1055. What is l(8)?
-71
Let h(k) = 13*k + 78. Give h(-9).
-39
Let g(i) = i**3 - 196*i**2 - 398*i + 1479. Give g(198).
1083
Let b(o) = -4*o**3 - 888*o**2 - 981*o - 21442. Give b(-221).
-5
Let a(c) = -14*c**3 - 6*c**2 + 207*c + 430. What is a(-2)?
104
Let l(y) = y**2 - 37275*y + 782323. Calculate l(21).
-11
Let f(k) = -66*k**2 + 246*k + 49. Calculate f(10).
-4091
Let c(o) = 45699*o - 1462376. Calculate c(32).
-8
Let l(a) = -a**3 - 76*a**2 + 35622*a + 2736967. What is l(-77)?
2
Let i(k) = -2*k**3 - 62*k**2 + 271*k + 6640. Give i(-32).
16
Let j(f) = 10*f**2 - 257*f - 147. What is j(26)?
-69
Let q(w) = -1138*w + 20037. Determine q(17).
691
Let h(y) = 534*y + 13188. Determine h(-24).
372
Let s(l) = 6196*l + 50016. Give s(-8).
448
Let q(r) = 16*r**2 - 959*r - 2032. Determine q(62).
14
Let l(q) = 18*q**2 + 50*q - 1581. What is l(-11)?
47
Let q(o) = -71108*o + 1777842. Calculate q(25).
142
Let m(a) = a**2 + 2048*a + 73. Calculate m(0).
73
Let u(c) = 14712*c - 58684. What is u(4)?
164
Let p(j) = -14319*j + 18442867. Give p(1288).
-5
Let d(k) = 1554*k - 18968. Calculate d(12).
-320
Let o(h) = 13258*h**2 - 981089*h - 243. Give o(74).
-21
Let g(a) = a**3 + 14*a**2 + 115*a + 255. Give g(-11).
-647
Let g(p) = p**3 + 4*p**2 - 68*p + 145. Determine g(3).
4
Let a(f) = -f**3 + 46*f**2 - 47*f + 58. Calculate a(45).
-32
Let p(s) = -22*s**2 + 10*s + 113. Determine p(9).
-1579
Let n(g) = 9617*g - 2029195. Determine n(211).
-8
Let g(d) = d**3 - 78*d**2 - 1331*d + 120438. Give g(74).
40
Let n(w) = -23*w**2 - 2430*w + 11001. Determine n(-110).
1
Let t(f) = f**3 - 247*f**2 - 1578*f + 389761. Determine t(247).
-5
Let y(m) = -2*m**3 - 42*m**2 - 113*m - 79. Determine y(-18).
11
Let m(k) = -k**2 - 4185*k - 1373534. What is m(-359)?
0
Let z(b) = 420*b + 8359. Determine z(-20).
-41
Let q(y) = 16*y**2 - 178*y - 405. What is q(-2)?
15
Let b(x) = -217713*x - 870918. Calculate b(-4).
-66
Let y(f) = 7*f**2 - 321*f - 824. Calculate y(48).
-104
Let f(c) = 35042*c - 175197. Give f(5).
13
Let x(g) = -g**2 - 48*g + 809. Give x(13).
16
Let n(s) = -4*s**2 - 702*s - 2357. Calculate n(-172).
51
Let p(s) = 813*s + 1521934. Give p(-1872).
-2
Let a(t) = -283*t - 20121. What is a(-70)?
-311
Let c(a) = -33*a**2 - 445*a - 135. Give c(-16).
-1463
Let n(i) = -i**3 - 13*i**2 + 1214*i - 88. Determine n(-42).
80
Let p(j) = 5*j**2 - 16076*j - 48235. Give p(-3).
38
Let k(y) = -22*y**2 - 32*y - 112. What is k(-4)?
-336
Let d(v) = 3*v**3 - 8821*v**2 - 35315*v - 9. What is d(-4)?
-77
Let s(t) = 25*t + 9526. Give s(-381).
1
Let d(a) = 7261*a + 15798. Calculate d(-2).
1276
Let f(o) = -43321*o + 606492. Calculate f(14).
-2
Let y(x) = 3*x**3 + 28*x**2 + 245*x + 1585. What is y(-8)?
-119
Let p(m) = -1861*m - 14866. What is p(-8)?
22
Let h(a) = 58*a - 7620. Determine h(133).
94
Let j(a) = -a**3 + 9*a**2 + 466*a + 717. Determine j(-17).
309
Let h(g) = -1165*g + 12852. Give h(11).
37
Let i(s) = 2*s**3 - 80*s**2 + 61*s + 194. Determine i(39).
-469
Let h(r) = -8544*r**2 + 102522*r + 51. Determine h(12).
-21
Let m(k) = 2*k**2 + 53*k - 15581. What is m(76)?
-1
Let q(b) = b**3 + 37*b**2 + 80*b - 854. Determine q(-34).
-106
Let k(q) = -1026*q**3 - 4080*q**2 + 5*q - 2. Determine k(-4).
362
Let u(i) = 12344*i - 604. What is u(0)?
-604
Let n(j) = -1944*j - 2161646. Calculate n(-1112).
82
Let v(f) = -22*f**2 + 27*f + 435. Calculate v(-12).
-3057
Let s(t) = -2*t**2 + 92*t - 814. Calculate s(12).
2
Let l(z) = 298*z**3 - 601*z**2 + 23*z - 53. Calculate l(2).
-27
Let c(u) = -u**3 - 1795*u**2 - 14307*u - 4. Determine c(-8).
84
Let l(a) = -29*a - 391. What is l(-5)?
-246
Let m(q) = 14824*q - 133409. Determine m(9).
7
Let c(s) = -51*s**3 - 145*s**2 + 21*s - 2. Determine c(-3).
7
Let h(q) = 3238*q - 23292. Calculate h(6).
-3864
Let r(v) = -3*v**2 + 420*v - 3293. Give r(132).
-125
Let l(c) = 53*c - 113. Calculate l(4).
99
Let q(m) = -m**2 + 65*m - 3221. Determine q(28).
-2185
Let n(x) = -78196*x - 938341. What is n(-12)?
11
Let t(h) = -141*h**2 - 556*h + 25. Give t(-4).
-7
Let i(v) = 254*v**2 + 11428*v - 210. Calculate i(-45).
-120
Let d(t) = -4*t**3 - 3451*t**2 + 93343*t - 1784. What is d(-889)?
-6
Let d(a) = -6*a**3 - 36*a**2 - 2163*a - 8466. Give d(-4).
-6
Let p(g) = 3*g**3 - 26*g**2 + 5*g - 231. Give p(11).
671
Let a(b) = 693*b + 18558. Calculate a(-27).
-153
Let a(v) = 151*v**2 - 13283*v - 378. Determine a(88).
62
Let q(v) = -v**2 - 1261*v + 37482. Give q(29).
72
Let t(g) = 71228*g - 5199654. What is t(73)?
-10
Let f(l) = 5*l**2 + 69954*l + 27. Calculate f(0).
27
Let l(k) = -1937*k + 5874. Give l(3).
63
Let q(x) = x**3 + 537*x**2 + 11212*x + 70. Give q(-21).
-7826
Let v(k) = -1090*k + 384763. Calculate v(353).
-7
Let s(a) = -4628*a - 444284. Give s(-96).
4
Let l(t) = t**3 + 26*t**2 + 190*t + 133. Calculate l(-12).
-131
Let o(u) = -u**3 - 6*u**2 - 37*u + 228. What is o(3)?
36
Let p(u) = -u**3 - 19*u**2 - 19*u - 103. Calculate p(-10).
-813
Let p(g) = -37611*g - 338509. Give p(-9).
-10
Let v(i) = -2*i**2 - 26*i - 132. What is v(-19)?
-360
Let d(f) = -501*f**2 - 54619*f - 1068. Calculate d(-109).
22
Let b(z) = -4243*z - 12809. Give b(-3).
-80
Let v(l) = 76*l**2 + 38*l - 18. Give v(3).
780
Let p(w) = -w**3 - 118*w**2 - 3144*w - 1476. What is p(-78)?
396
Let g(n) = -536*n + 7